{"id":355,"date":"2020-05-01T16:34:42","date_gmt":"2020-05-01T14:34:42","guid":{"rendered":"http:\/\/shintaido-karate.com\/?page_id=355"},"modified":"2020-05-20T18:18:23","modified_gmt":"2020-05-20T16:18:23","slug":"boutique-en-ligne","status":"publish","type":"page","link":"https:\/\/shintaido-karate.com\/index.php\/boutique-en-ligne\/","title":{"rendered":"Boutique en ligne"},"content":{"rendered":"\t\t<div data-elementor-type=\"wp-page\" data-elementor-id=\"355\" class=\"elementor elementor-355\" data-elementor-post-type=\"page\">\n\t\t\t\t\t\t<section class=\"elementor-section elementor-top-section elementor-element elementor-element-2478572 elementor-section-boxed elementor-section-height-default elementor-section-height-default\" data-id=\"2478572\" data-element_type=\"section\">\n\t\t\t\t\t\t<div class=\"elementor-container elementor-column-gap-default\">\n\t\t\t\t\t<div class=\"elementor-column elementor-col-100 elementor-top-column elementor-element elementor-element-ac00e65\" data-id=\"ac00e65\" data-element_type=\"column\">\n\t\t\t<div class=\"elementor-widget-wrap elementor-element-populated\">\n\t\t\t\t\t\t<div class=\"elementor-element elementor-element-831c6a1 elementor-widget elementor-widget-heading\" data-id=\"831c6a1\" data-element_type=\"widget\" data-widget_type=\"heading.default\">\n\t\t\t\t\t<h2 class=\"elementor-heading-title elementor-size-default\">Techniques de self d\u00e9fense<\/h2>\t\t\t\t<\/div>\n\t\t\t\t<div class=\"elementor-element elementor-element-cb5e01c elementor-widget elementor-widget-text-editor\" data-id=\"cb5e01c\" data-element_type=\"widget\" data-widget_type=\"text-editor.default\">\n\t\t\t\t\t\t\t\t\t<p><strong>S\u00e9lf-d\u00e9fense efficacit\u00e9 garantie par expert qui peut vous recevoir dans son dojo en r\u00e9gion Parisienne<\/strong><\/p>\t\t\t\t\t\t\t\t<\/div>\n\t\t\t\t\t<\/div>\n\t\t<\/div>\n\t\t\t\t\t<\/div>\n\t\t<\/section>\n\t\t\t\t<section class=\"elementor-section elementor-top-section elementor-element elementor-element-f18dd9b elementor-section-boxed elementor-section-height-default elementor-section-height-default\" data-id=\"f18dd9b\" data-element_type=\"section\">\n\t\t\t\t\t\t<div class=\"elementor-container elementor-column-gap-default\">\n\t\t\t\t\t<div class=\"elementor-column elementor-col-100 elementor-top-column elementor-element elementor-element-fee9e19\" data-id=\"fee9e19\" data-element_type=\"column\">\n\t\t\t<div class=\"elementor-widget-wrap elementor-element-populated\">\n\t\t\t\t\t\t<div class=\"elementor-element elementor-element-d27400c elementor-grid-4 elementor-grid-tablet-3 elementor-grid-mobile-2 elementor-products-grid elementor-wc-products elementor-widget elementor-widget-woocommerce-products\" data-id=\"d27400c\" data-element_type=\"widget\" data-widget_type=\"woocommerce-products.default\">\n\t\t\t\t<div class=\"elementor-widget-container\">\n\t\t\t\t\t<div class=\"woocommerce columns-4 \"><ul class=\"products elementor-grid columns-4\">\n<li class=\"product type-product post-391 status-publish first instock product_cat-non-classe has-post-thumbnail downloadable shipping-taxable purchasable product-type-simple\">\n\t<a href=\"https:\/\/shintaido-karate.com\/index.php\/produit\/technique-self-defense-05\/\" class=\"woocommerce-LoopProduct-link woocommerce-loop-product__link\"><img fetchpriority=\"high\" decoding=\"async\" width=\"300\" height=\"300\" src=\"https:\/\/shintaido-karate.com\/wp-content\/uploads\/2020\/05\/p1-300x300.jpg\" class=\"attachment-woocommerce_thumbnail size-woocommerce_thumbnail\" alt=\"Coup de poing au visage\" srcset=\"https:\/\/shintaido-karate.com\/wp-content\/uploads\/2020\/05\/p1-300x300.jpg 300w, https:\/\/shintaido-karate.com\/wp-content\/uploads\/2020\/05\/p1-150x150.jpg 150w, https:\/\/shintaido-karate.com\/wp-content\/uploads\/2020\/05\/p1-768x768.jpg 768w, https:\/\/shintaido-karate.com\/wp-content\/uploads\/2020\/05\/p1-600x600.jpg 600w, https:\/\/shintaido-karate.com\/wp-content\/uploads\/2020\/05\/p1-100x100.jpg 100w, https:\/\/shintaido-karate.com\/wp-content\/uploads\/2020\/05\/p1.jpg 1000w\" sizes=\"(max-width: 300px) 100vw, 300px\" \/><h2 class=\"woocommerce-loop-product__title\">Coup de poing au visage<\/h2>\n\t<span class=\"price\"><span class=\"woocommerce-Price-amount amount\"><bdi><span class=\"woocommerce-Price-currencySymbol\">&euro;<\/span>1,00<\/bdi><\/span><\/span>\n<\/a><a href=\"?add-to-cart=391\" aria-describedby=\"woocommerce_loop_add_to_cart_link_describedby_391\" data-quantity=\"1\" class=\"button product_type_simple add_to_cart_button ajax_add_to_cart\" data-product_id=\"391\" data-product_sku=\"\" aria-label=\"Ajouter au panier\u00a0: &ldquo;Coup de poing au visage&rdquo;\" rel=\"nofollow\" data-success_message=\"\u00ab\u00a0Coup de poing au visage\u00a0\u00bb a \u00e9t\u00e9 ajout\u00e9 \u00e0 votre panier\">Ajouter au panier<\/a>\t<span id=\"woocommerce_loop_add_to_cart_link_describedby_391\" class=\"screen-reader-text\">\n\t\t\t<\/span>\n<\/li>\n<li class=\"product type-product post-386 status-publish instock product_cat-non-classe has-post-thumbnail downloadable shipping-taxable purchasable product-type-simple\">\n\t<a href=\"https:\/\/shintaido-karate.com\/index.php\/produit\/technique-self-defense-2\/\" class=\"woocommerce-LoopProduct-link woocommerce-loop-product__link\"><img decoding=\"async\" width=\"300\" height=\"300\" src=\"https:\/\/shintaido-karate.com\/wp-content\/uploads\/2020\/05\/p2-300x300.jpg\" class=\"attachment-woocommerce_thumbnail size-woocommerce_thumbnail\" alt=\"Encerclement par derri\u00e8re\" srcset=\"https:\/\/shintaido-karate.com\/wp-content\/uploads\/2020\/05\/p2-300x300.jpg 300w, https:\/\/shintaido-karate.com\/wp-content\/uploads\/2020\/05\/p2-150x150.jpg 150w, https:\/\/shintaido-karate.com\/wp-content\/uploads\/2020\/05\/p2-768x768.jpg 768w, https:\/\/shintaido-karate.com\/wp-content\/uploads\/2020\/05\/p2-600x600.jpg 600w, https:\/\/shintaido-karate.com\/wp-content\/uploads\/2020\/05\/p2-100x100.jpg 100w, https:\/\/shintaido-karate.com\/wp-content\/uploads\/2020\/05\/p2.jpg 1000w\" sizes=\"(max-width: 300px) 100vw, 300px\" \/><h2 class=\"woocommerce-loop-product__title\">Encerclement par derri\u00e8re<\/h2>\n\t<span class=\"price\"><span class=\"woocommerce-Price-amount amount\"><bdi><span class=\"woocommerce-Price-currencySymbol\">&euro;<\/span>1,00<\/bdi><\/span><\/span>\n<\/a><a href=\"?add-to-cart=386\" aria-describedby=\"woocommerce_loop_add_to_cart_link_describedby_386\" data-quantity=\"1\" class=\"button product_type_simple add_to_cart_button ajax_add_to_cart\" data-product_id=\"386\" data-product_sku=\"\" aria-label=\"Ajouter au panier\u00a0: &ldquo;Encerclement par derri\u00e8re&rdquo;\" rel=\"nofollow\" data-success_message=\"\u00ab\u00a0Encerclement par derri\u00e8re\u00a0\u00bb a \u00e9t\u00e9 ajout\u00e9 \u00e0 votre panier\">Ajouter au panier<\/a>\t<span id=\"woocommerce_loop_add_to_cart_link_describedby_386\" class=\"screen-reader-text\">\n\t\t\t<\/span>\n<\/li>\n<li class=\"product type-product post-380 status-publish instock product_cat-non-classe has-post-thumbnail downloadable shipping-taxable purchasable product-type-simple\">\n\t<a href=\"https:\/\/shintaido-karate.com\/index.php\/produit\/technique-self-defense-03\/\" class=\"woocommerce-LoopProduct-link woocommerce-loop-product__link\"><img decoding=\"async\" width=\"300\" height=\"300\" src=\"https:\/\/shintaido-karate.com\/wp-content\/uploads\/2020\/05\/p3-300x300.jpg\" class=\"attachment-woocommerce_thumbnail size-woocommerce_thumbnail\" alt=\"Torsion du bras\" srcset=\"https:\/\/shintaido-karate.com\/wp-content\/uploads\/2020\/05\/p3-300x300.jpg 300w, https:\/\/shintaido-karate.com\/wp-content\/uploads\/2020\/05\/p3-150x150.jpg 150w, https:\/\/shintaido-karate.com\/wp-content\/uploads\/2020\/05\/p3-768x768.jpg 768w, https:\/\/shintaido-karate.com\/wp-content\/uploads\/2020\/05\/p3-600x600.jpg 600w, https:\/\/shintaido-karate.com\/wp-content\/uploads\/2020\/05\/p3-100x100.jpg 100w, https:\/\/shintaido-karate.com\/wp-content\/uploads\/2020\/05\/p3.jpg 1000w\" sizes=\"(max-width: 300px) 100vw, 300px\" \/><h2 class=\"woocommerce-loop-product__title\">Torsion du bras<\/h2>\n\t<span class=\"price\"><span class=\"woocommerce-Price-amount amount\"><bdi><span class=\"woocommerce-Price-currencySymbol\">&euro;<\/span>1,00<\/bdi><\/span><\/span>\n<\/a><a href=\"?add-to-cart=380\" aria-describedby=\"woocommerce_loop_add_to_cart_link_describedby_380\" data-quantity=\"1\" class=\"button product_type_simple add_to_cart_button ajax_add_to_cart\" data-product_id=\"380\" data-product_sku=\"\" aria-label=\"Ajouter au panier\u00a0: &ldquo;Torsion du bras&rdquo;\" rel=\"nofollow\" data-success_message=\"\u00ab\u00a0Torsion du bras\u00a0\u00bb a \u00e9t\u00e9 ajout\u00e9 \u00e0 votre panier\">Ajouter au panier<\/a>\t<span id=\"woocommerce_loop_add_to_cart_link_describedby_380\" class=\"screen-reader-text\">\n\t\t\t<\/span>\n<\/li>\n<li class=\"product type-product post-360 status-publish last instock product_cat-non-classe has-post-thumbnail downloadable shipping-taxable purchasable product-type-simple\">\n\t<a href=\"https:\/\/shintaido-karate.com\/index.php\/produit\/technique-self-defense-02\/\" class=\"woocommerce-LoopProduct-link woocommerce-loop-product__link\"><img loading=\"lazy\" decoding=\"async\" width=\"300\" height=\"300\" src=\"https:\/\/shintaido-karate.com\/wp-content\/uploads\/2020\/05\/p4-300x300.jpg\" class=\"attachment-woocommerce_thumbnail size-woocommerce_thumbnail\" alt=\"Tentative de gifle\" srcset=\"https:\/\/shintaido-karate.com\/wp-content\/uploads\/2020\/05\/p4-300x300.jpg 300w, https:\/\/shintaido-karate.com\/wp-content\/uploads\/2020\/05\/p4-150x150.jpg 150w, https:\/\/shintaido-karate.com\/wp-content\/uploads\/2020\/05\/p4-768x768.jpg 768w, https:\/\/shintaido-karate.com\/wp-content\/uploads\/2020\/05\/p4-600x600.jpg 600w, https:\/\/shintaido-karate.com\/wp-content\/uploads\/2020\/05\/p4-100x100.jpg 100w, https:\/\/shintaido-karate.com\/wp-content\/uploads\/2020\/05\/p4.jpg 1000w\" sizes=\"(max-width: 300px) 100vw, 300px\" \/><h2 class=\"woocommerce-loop-product__title\">Tentative de gifle<\/h2>\n\t<span class=\"price\"><span class=\"woocommerce-Price-amount amount\"><bdi><span class=\"woocommerce-Price-currencySymbol\">&euro;<\/span>1,00<\/bdi><\/span><\/span>\n<\/a><a href=\"?add-to-cart=360\" aria-describedby=\"woocommerce_loop_add_to_cart_link_describedby_360\" data-quantity=\"1\" class=\"button product_type_simple add_to_cart_button ajax_add_to_cart\" data-product_id=\"360\" data-product_sku=\"\" aria-label=\"Ajouter au panier\u00a0: &ldquo;Tentative de gifle&rdquo;\" rel=\"nofollow\" data-success_message=\"\u00ab\u00a0Tentative de gifle\u00a0\u00bb a \u00e9t\u00e9 ajout\u00e9 \u00e0 votre panier\">Ajouter au panier<\/a>\t<span id=\"woocommerce_loop_add_to_cart_link_describedby_360\" class=\"screen-reader-text\">\n\t\t\t<\/span>\n<\/li>\n<li class=\"product type-product post-331 status-publish first instock product_cat-non-classe has-post-thumbnail downloadable shipping-taxable purchasable product-type-simple\">\n\t<a href=\"https:\/\/shintaido-karate.com\/index.php\/produit\/technique-self-defense\/\" class=\"woocommerce-LoopProduct-link woocommerce-loop-product__link\"><img loading=\"lazy\" decoding=\"async\" width=\"300\" height=\"300\" src=\"https:\/\/shintaido-karate.com\/wp-content\/uploads\/2020\/05\/p5-300x300.jpg\" class=\"attachment-woocommerce_thumbnail size-woocommerce_thumbnail\" alt=\"Saisie des revers de face\" srcset=\"https:\/\/shintaido-karate.com\/wp-content\/uploads\/2020\/05\/p5-300x300.jpg 300w, https:\/\/shintaido-karate.com\/wp-content\/uploads\/2020\/05\/p5-150x150.jpg 150w, https:\/\/shintaido-karate.com\/wp-content\/uploads\/2020\/05\/p5-768x768.jpg 768w, https:\/\/shintaido-karate.com\/wp-content\/uploads\/2020\/05\/p5-600x600.jpg 600w, https:\/\/shintaido-karate.com\/wp-content\/uploads\/2020\/05\/p5-100x100.jpg 100w, https:\/\/shintaido-karate.com\/wp-content\/uploads\/2020\/05\/p5.jpg 1000w\" sizes=\"(max-width: 300px) 100vw, 300px\" \/><h2 class=\"woocommerce-loop-product__title\">Saisie des revers de face<\/h2>\n\t<span class=\"price\"><span class=\"woocommerce-Price-amount amount\"><bdi><span class=\"woocommerce-Price-currencySymbol\">&euro;<\/span>1,00<\/bdi><\/span><\/span>\n<\/a><a href=\"?add-to-cart=331\" aria-describedby=\"woocommerce_loop_add_to_cart_link_describedby_331\" data-quantity=\"1\" class=\"button product_type_simple add_to_cart_button ajax_add_to_cart\" data-product_id=\"331\" data-product_sku=\"\" aria-label=\"Ajouter au panier\u00a0: &ldquo;Saisie des revers de face&rdquo;\" rel=\"nofollow\" data-success_message=\"\u00ab\u00a0Saisie des revers de face\u00a0\u00bb a \u00e9t\u00e9 ajout\u00e9 \u00e0 votre panier\">Ajouter au panier<\/a>\t<span id=\"woocommerce_loop_add_to_cart_link_describedby_331\" class=\"screen-reader-text\">\n\t\t\t<\/span>\n<\/li>\n<\/ul>\n<\/div>\t\t\t\t<\/div>\n\t\t\t\t<\/div>\n\t\t\t\t\t<\/div>\n\t\t<\/div>\n\t\t\t\t\t<\/div>\n\t\t<\/section>\n\t\t\t\t<\/div>\n\t\t","protected":false},"excerpt":{"rendered":"<p>Techniques de self d\u00e9fense S\u00e9lf-d\u00e9fense efficacit\u00e9 garantie par expert qui peut vous recevoir dans son dojo en r\u00e9gion Parisienne<\/p>\n","protected":false},"author":1,"featured_media":0,"parent":0,"menu_order":0,"comment_status":"closed","ping_status":"closed","template":"","meta":{"_acf_changed":false,"footnotes":""},"class_list":["post-355","page","type-page","status-publish","hentry"],"acf":[],"_links":{"self":[{"href":"https:\/\/shintaido-karate.com\/index.php\/wp-json\/wp\/v2\/pages\/355","targetHints":{"allow":["GET"]}}],"collection":[{"href":"https:\/\/shintaido-karate.com\/index.php\/wp-json\/wp\/v2\/pages"}],"about":[{"href":"https:\/\/shintaido-karate.com\/index.php\/wp-json\/wp\/v2\/types\/page"}],"author":[{"embeddable":true,"href":"https:\/\/shintaido-karate.com\/index.php\/wp-json\/wp\/v2\/users\/1"}],"replies":[{"embeddable":true,"href":"https:\/\/shintaido-karate.com\/index.php\/wp-json\/wp\/v2\/comments?post=355"}],"version-history":[{"count":6,"href":"https:\/\/shintaido-karate.com\/index.php\/wp-json\/wp\/v2\/pages\/355\/revisions"}],"predecessor-version":[{"id":403,"href":"https:\/\/shintaido-karate.com\/index.php\/wp-json\/wp\/v2\/pages\/355\/revisions\/403"}],"wp:attachment":[{"href":"https:\/\/shintaido-karate.com\/index.php\/wp-json\/wp\/v2\/media?parent=355"}],"curies":[{"name":"wp","href":"https:\/\/api.w.org\/{rel}","templated":true}]}}