{"id":11,"date":"2018-09-04T14:47:46","date_gmt":"2018-09-04T12:47:46","guid":{"rendered":"http:\/\/shintaido-karate.com\/?page_id=11"},"modified":"2020-05-20T18:23:05","modified_gmt":"2020-05-20T16:23:05","slug":"evenements","status":"publish","type":"page","link":"https:\/\/shintaido-karate.com\/index.php\/evenements\/","title":{"rendered":"\u00c9v\u00e9nements"},"content":{"rendered":"\t\t<div data-elementor-type=\"wp-post\" data-elementor-id=\"11\" class=\"elementor elementor-11\" data-elementor-post-type=\"page\">\n\t\t\t\t\t\t<section class=\"elementor-section elementor-top-section elementor-element elementor-element-f902388 elementor-section-height-min-height elementor-section-boxed elementor-section-height-default elementor-section-items-middle\" data-id=\"f902388\" data-element_type=\"section\" data-settings=\"{&quot;background_background&quot;:&quot;classic&quot;,&quot;shape_divider_bottom&quot;:&quot;opacity-tilt&quot;}\">\n\t\t\t\t\t<div class=\"elementor-shape elementor-shape-bottom\" data-negative=\"false\">\n\t\t\t<svg xmlns=\"http:\/\/www.w3.org\/2000\/svg\" viewBox=\"0 0 2600 131.1\" preserveAspectRatio=\"none\">\n\t<path class=\"elementor-shape-fill\" d=\"M0 0L2600 0 2600 69.1 0 0z\"\/>\n\t<path class=\"elementor-shape-fill\" style=\"opacity:0.5\" d=\"M0 0L2600 0 2600 69.1 0 69.1z\"\/>\n\t<path class=\"elementor-shape-fill\" style=\"opacity:0.25\" d=\"M2600 0L0 0 0 130.1 2600 69.1z\"\/>\n<\/svg>\t\t<\/div>\n\t\t\t\t\t<div class=\"elementor-container elementor-column-gap-default\">\n\t\t\t\t\t<div class=\"elementor-column elementor-col-100 elementor-top-column elementor-element elementor-element-b0ca194\" data-id=\"b0ca194\" data-element_type=\"column\">\n\t\t\t<div class=\"elementor-widget-wrap elementor-element-populated\">\n\t\t\t\t\t\t<div class=\"elementor-element elementor-element-83aaafc elementor-widget elementor-widget-heading\" data-id=\"83aaafc\" data-element_type=\"widget\" data-widget_type=\"heading.default\">\n\t\t\t\t\t<h2 class=\"elementor-heading-title elementor-size-default\">\u00c9v\u00e9nements<\/h2>\t\t\t\t<\/div>\n\t\t\t\t\t<\/div>\n\t\t<\/div>\n\t\t\t\t\t<\/div>\n\t\t<\/section>\n\t\t\t\t<section class=\"elementor-section elementor-top-section elementor-element elementor-element-3d6d71f elementor-section-boxed elementor-section-height-default elementor-section-height-default\" data-id=\"3d6d71f\" data-element_type=\"section\">\n\t\t\t\t\t\t<div class=\"elementor-container elementor-column-gap-default\">\n\t\t\t\t\t<div class=\"elementor-column elementor-col-100 elementor-top-column elementor-element elementor-element-8c3446e\" data-id=\"8c3446e\" data-element_type=\"column\">\n\t\t\t<div class=\"elementor-widget-wrap elementor-element-populated\">\n\t\t\t\t\t\t<div class=\"elementor-element elementor-element-5f93d10 elementor-widget elementor-widget-spacer\" data-id=\"5f93d10\" data-element_type=\"widget\" data-widget_type=\"spacer.default\">\n\t\t\t\t\t\t\t<div class=\"elementor-spacer\">\n\t\t\t<div class=\"elementor-spacer-inner\"><\/div>\n\t\t<\/div>\n\t\t\t\t\t\t<\/div>\n\t\t\t\t\t<\/div>\n\t\t<\/div>\n\t\t\t\t\t<\/div>\n\t\t<\/section>\n\t\t\t\t<section class=\"elementor-section elementor-top-section elementor-element elementor-element-3ca82bf elementor-section-boxed elementor-section-height-default elementor-section-height-default\" data-id=\"3ca82bf\" data-element_type=\"section\">\n\t\t\t\t\t\t<div class=\"elementor-container elementor-column-gap-default\">\n\t\t\t\t\t<div class=\"elementor-column elementor-col-100 elementor-top-column elementor-element elementor-element-1ccfb91\" data-id=\"1ccfb91\" data-element_type=\"column\">\n\t\t\t<div class=\"elementor-widget-wrap elementor-element-populated\">\n\t\t\t\t\t\t<div class=\"elementor-element elementor-element-8b5dc73 elementor-widget elementor-widget-text-editor\" data-id=\"8b5dc73\" data-element_type=\"widget\" data-widget_type=\"text-editor.default\">\n\t\t\t\t\t\t\t\t\t<p>Quand vous commencez \u00e0 pratiquer le <strong>Karat\u00e9<\/strong> vous aurez alors votre premi\u00e8re ceinture, la ceinture blanche. Puis voici le programme des diff\u00e9rents grades, allant de l&rsquo;initiation (<strong>9\u00e8me Kyu<\/strong>) jusqu&rsquo;\u00e0 la ceinture marron (<strong>1er Kyu<\/strong>)<\/p>\t\t\t\t\t\t\t\t<\/div>\n\t\t\t\t<div class=\"elementor-element elementor-element-433d6f4 elementor-widget elementor-widget-image\" data-id=\"433d6f4\" data-element_type=\"widget\" data-widget_type=\"image.default\">\n\t\t\t\t\t\t\t\t\t\t\t\t\t\t\t<img fetchpriority=\"high\" decoding=\"async\" width=\"738\" height=\"1024\" src=\"https:\/\/shintaido-karate.com\/wp-content\/uploads\/2020\/05\/Diffe\u0301rentes-couleurs-ceintures-karate\u0301-738x1024.jpg\" class=\"attachment-large size-large wp-image-405\" alt=\"\" srcset=\"https:\/\/shintaido-karate.com\/wp-content\/uploads\/2020\/05\/Diffe\u0301rentes-couleurs-ceintures-karate\u0301-738x1024.jpg 738w, https:\/\/shintaido-karate.com\/wp-content\/uploads\/2020\/05\/Diffe\u0301rentes-couleurs-ceintures-karate\u0301-216x300.jpg 216w, https:\/\/shintaido-karate.com\/wp-content\/uploads\/2020\/05\/Diffe\u0301rentes-couleurs-ceintures-karate\u0301-768x1065.jpg 768w, https:\/\/shintaido-karate.com\/wp-content\/uploads\/2020\/05\/Diffe\u0301rentes-couleurs-ceintures-karate\u0301-600x832.jpg 600w, https:\/\/shintaido-karate.com\/wp-content\/uploads\/2020\/05\/Diffe\u0301rentes-couleurs-ceintures-karate\u0301.jpg 1000w\" sizes=\"(max-width: 738px) 100vw, 738px\" \/>\t\t\t\t\t\t\t\t\t\t\t\t\t\t\t<\/div>\n\t\t\t\t\t<\/div>\n\t\t<\/div>\n\t\t\t\t\t<\/div>\n\t\t<\/section>\n\t\t\t\t<\/div>\n\t\t","protected":false},"excerpt":{"rendered":"<p>Quand vous commencez \u00e0 pratiquer le Karat\u00e9 vous aurez alors votre premi\u00e8re ceinture, la ceinture blanche. Puis voici le programme des diff\u00e9rents grades, allant de l&rsquo;initiation (9\u00e8me Kyu) jusqu&rsquo;\u00e0 la ceinture marron (1er Kyu)<\/p>\n","protected":false},"author":1,"featured_media":0,"parent":0,"menu_order":0,"comment_status":"closed","ping_status":"closed","template":"","meta":{"_acf_changed":false,"footnotes":""},"class_list":["post-11","page","type-page","status-publish","hentry"],"acf":[],"_links":{"self":[{"href":"https:\/\/shintaido-karate.com\/index.php\/wp-json\/wp\/v2\/pages\/11","targetHints":{"allow":["GET"]}}],"collection":[{"href":"https:\/\/shintaido-karate.com\/index.php\/wp-json\/wp\/v2\/pages"}],"about":[{"href":"https:\/\/shintaido-karate.com\/index.php\/wp-json\/wp\/v2\/types\/page"}],"author":[{"embeddable":true,"href":"https:\/\/shintaido-karate.com\/index.php\/wp-json\/wp\/v2\/users\/1"}],"replies":[{"embeddable":true,"href":"https:\/\/shintaido-karate.com\/index.php\/wp-json\/wp\/v2\/comments?post=11"}],"version-history":[{"count":14,"href":"https:\/\/shintaido-karate.com\/index.php\/wp-json\/wp\/v2\/pages\/11\/revisions"}],"predecessor-version":[{"id":407,"href":"https:\/\/shintaido-karate.com\/index.php\/wp-json\/wp\/v2\/pages\/11\/revisions\/407"}],"wp:attachment":[{"href":"https:\/\/shintaido-karate.com\/index.php\/wp-json\/wp\/v2\/media?parent=11"}],"curies":[{"name":"wp","href":"https:\/\/api.w.org\/{rel}","templated":true}]}}